-6
Let s(o) = o**2 + 10*o - 7. Let p(w) = -w**2 - 9*w + 7. Let b(g) = -4*p(g) - 3*s(g). Calculate b(-6).
-7
Let v = 12 - 8. Suppose 0*s + v*s - 60 = 5*g, 2*g - 12 = -2*s. Suppose -6*a = -4*a - s. Let z(d) = -2*d + 7. Calculate z(a).
-3
Let d(v) = 12*v**2 - 2*v - 2. Let n(r) = -6*r**2 + r + 1. Let c(f) = 3*d(f) + 5*n(f). What is c(-1)?
6
Let a(h) be the first derivative of h**3/3 - 3*h**2 - 6*h + 17. Determine a(6).
-6
Suppose x - 3*x + 4 = 0. Let l(q) = -x - 2*q**3 + 5*q**3 + 4*q**2 - 2*q**3. What is l(-3)?
7
Let q(s) = -s - 1. Let w(b) = -b**3 + 7*b**2 - 4*b - 8. Let u be w(6). Suppose 10 = -u*k - 6. Give q(k).
3
Let c(k) = k**3 + k**2 + k + 7. Let z be 3 + -1 - 6/(-2). Suppose 4*w = b - 9, -22 = z*b - 7. Let u be (-3 - w)*(-2)/4. Calculate c(u).
7
Let j(y) = y**2 - y. Suppose -3*g = 2 + 1. Let c be j(g). Let v(k) = -k**c + 5 - 2*k + 0 - 2. What is v(-4)?
-5
Let u(p) = p**3 - 2*p**2 + 42 - 21 - 19. Determine u(2).
2
Let c(p) = -p + 4. Let o be (-1 + 0)/((-1)/2). Let m be (-3 + o)*(-3 + -2). Calculate c(m).
-1
Let j = 1 - 2. Let a(v) be the first derivative of -v**2/2 - 8. Give a(j).
1
Let o(a) = -2*a + 6*a - 5 + 6 + 1. Let p(z) = -2*z**2 - z + 1. Suppose -4*d + n - 1 = 0, 0*d + 10 = -5*d + 3*n. Let c be p(d). Calculate o(c).
-6
Let i(z) = 281*z - 577*z + 280*z. What is i(-1)?
16
Let d(m) = -3*m - m + 44*m**3 + 5*m - 36*m**3. Let l = 1 - 0. Give d(l).
9
Let b(t) be the third derivative of t**5/60 - t**4/8 + 13*t**2. Calculate b(2).
-2
Let y(t) be the third derivative of -1/15*t**5 + t**2 + 0 - 5/24*t**4 + 0*t - 1/3*t**3 + 1/120*t**6. Determine y(5).
-2
Let j = -11 - -16. Suppose -3*n + 2*s = -0*n + 4, 0 = j*n - 4*s + 10. Let v(y) = 3*y + 1. Determine v(n).
7
Suppose 16*y = 24*y + 8. Let k(l) = -22*l**3 - l - 1. Determine k(y).
22
Let d(x) = x**2 + 4*x + 1. Suppose -w = -5*j - 14, -3*w - 14 = 4*j - w. Suppose 2 = 3*v + 2*v + o, -2*o = -4*v - 4. Let c be (-1)/j*v - 4. Calculate d(c).
1
Let j(v) = v + 2. Let r(w) = w**2 + 5*w. Let t be r(-6). Determine j(t).
8
Suppose -3*s - 43 + 7 = 0. Let p(f) = 8*f + 4. Let k(u) = -20*u - 10. Let i(x) = s*p(x) - 5*k(x). Suppose -2*b + 0*b = 4. Calculate i(b).
-6
Let u(v) = -v**3 + 7*v**2 - 2*v + 10. Let q be u(7). Let a(d) be the third derivative of -d**4/8 - 2*d**3/3 + 2*d**2. What is a(q)?
8
Let b(y) be the first derivative of -y**2/2 + 5*y - 44. Determine b(-4).
9
Let a(c) = c**3 + 6*c**2 + 7*c + 1. Let r = 8 + -4. Suppose 0*p - 9 = 5*w + r*p, w - 3*p + 17 = 0. Determine a(w).
-9
Let r(h) = h**2 + 5*h + 1. Let s be r(-5). Let a(t) = t + s + 3*t**2 + 4*t**2 - t. Let q be 3/(-1) + 0 + 2. Calculate a(q).
8
Let k = -1 + -1. Let n be 1/(-2)*2 + k. Let g(z) = -10*z**2 - 13*z + 5. Let q(m) = -7*m**2 - 9*m + 3. Let v(u) = -5*g(u) + 7*q(u). Give v(n).
-1
Let b be (5/2)/((-1)/(-2)). Let h(z) = -z**3 + 5*z**2 - z - 2. Let f be h(2). Let l = b - f. Let j(s) = -s**2 - 6*s - 2. Calculate j(l).
7
Let m = -16 - -18. Let s(o) = -6 + o**3 - 3*o + 3*o + 13*o**m - 7*o**2. Suppose 3*t = 5*w + 7, 0 = 5*t - 4*w + 4 + 6. Give s(t).
-6
Let h(k) = -3 + 0 - k - 4 + 4. Let c be h(-5). Suppose 3 = c*q + 7. Let z(a) = a**3 + 2*a**2 + a. Calculate z(q).
-2
Let y(j) be the third derivative of -j**5/60 - 5*j**4/24 + j**3 + 12*j**2. Give y(-6).
0
Let k(d) = -29*d**3 + 2*d**2 + 6*d**2 - 3*d**2 + 3 + 28*d**3. Let l = 8 - 3. Calculate k(l).
3
Let y(v) = v**3 - 6*v**2 - v + 3. Suppose p = -0*p + 2*b + 10, 0 = -2*p - b + 10. Determine y(p).
-3
Let i(s) = -s + 14. Let c(x) = -13. Let l(h) = -3*c(h) - 2*i(h). What is l(-9)?
-7
Let g = 20 + -22. Let m(p) = -3*p**3 - 2*p**2 - 2*p - 2. Let u(b) = 7*b**3 + 3*b**2 + 4*b + 5. Let x(t) = 5*m(t) + 2*u(t). Determine x(g).
-4
Let z(j) be the third derivative of -2*j**2 + 2/3*j**3 + 0*j + 0 + 1/24*j**4 - 1/120*j**6 + 1/15*j**5. Give z(4).
8
Suppose 0 = -3*r - 0 + 6. Let u be 11/(-2)*1*r. Let x = -15 - u. Let w(q) = -q - 2. Calculate w(x).
2
Let d(z) = z - 4. Suppose -45 - 15 = 10*n. Let x be (2/2)/(-3 - -2). Let u = x - n. Calculate d(u).
1
Suppose -f - 9 = 2*f, s = 3*f + 6. Let z(h) = h + 1. Give z(s).
-2
Suppose 3*f + 4*x + 45 = 0, f - 2*x + 5 = -0*x. Let z be (-245)/(-77) + 2/f. Let k(j) = 2*j - 1 + 3*j + z*j**2 - 3*j. Determine k(-2).
7
Let x(j) = j**2 - j. Let d(p) = 4*p**2 + p + 4. Let o(n) = d(n) - 5*x(n). Calculate o(6).
4
Let r(b) = 2*b - 3. Suppose -h + 2 - 5 = 0, 0 = 2*k + 2*h - 14. Let j(w) be the second derivative of w**3/6 - 5*w**2/2 + 4*w. Let x be j(k). What is r(x)?
7
Let r = 0 + 2. Let g = r + -3. Let n(s) = -2*s**2 - s - 1. What is n(g)?
-2
Let p = 12 + -15. Let k be 2*(44/(-8) - p). Let f(s) = -s**3 - 6*s**2 - 8*s - 7. Give f(k).
8
Let t(q) be the first derivative of 1/24*q**4 - 3 + 2/3*q**3 + 0*q + 0*q**2 + 1/120*q**5. Let f(n) be the third derivative of t(n). What is f(4)?
5
Suppose 0 = 3*i + 3*y + 15, -3*i - 2*y = 2*i + 28. Let w be ((-4)/6)/(i/(-18)). Let t(h) be the third derivative of -5*h**4/24 + h**2. Give t(w).
10
Let w(a) = a - 3*a + 5*a**2 - 9*a**2 - 1 + 3*a**2. Suppose -2*d = 2*d + 8. Calculate w(d).
-1
Let k = 0 - -2. Let w(m) = -3*m**2 + 1 + k*m - m - m. Calculate w(1).
-2
Let z(o) = 3*o**3 - 2*o**2 - o - 1. Let k(n) = 4*n**3 - 2*n**2 - n - 1. Let v(y) = -2*k(y) + 3*z(y). Give v(3).
5
Let p(t) be the second derivative of -t**4/12 - t**3/6 - 3*t**2/2 + t. Suppose 3 = -2*k + 11. Suppose 0 = 2*b - 5*f - 20, 5*b - k*f - 16 = 4*b. What is p(b)?
-3
Suppose -n + 4 = -3*n. Let r(g) be the second derivative of 0*g**3 + 0 + 1/6*g**4 - 3*g + g**2. What is r(n)?
10
Let b(c) = -c**3 - 13*c**2 + 6. Let h be 134/(-10) - (-2)/5. Calculate b(h).
6
Let d(o) = o**3 + 3*o**2 - 2*o - 3. Suppose -t - 7 = 4*c, 4 = -4*c - 0*t - 4*t. Calculate d(c).
5
Let u(m) = 52*m**3 + m**2 + 7*m + 5. Let o(l) = -78*l**3 - 2*l**2 - 11*l - 8. Let b(f) = -5*o(f) - 8*u(f). Determine b(1).
-25
Let t = 6 + -5. Let b(l) = -7 - 4*l**2 + t - 8*l**3 - 4*l + 9*l**3. Give b(5).
-1
Let s(y) = 13*y - 1. Let f(l) = -14*l + 1. Let j(z) = -4*f(z) - 5*s(z). Let w be ((-4)/14)/((-1)/7). Suppose -n + p + 6 = n, -w*n - 6 = 2*p. Calculate j(n).
-8
Let d(m) be the first derivative of 4 + 3/2*m**2 + m + 1/3*m**3. Let o(h) = -2*h + 4. Let w be o(3). What is d(w)?
-1
Let l(a) = 0*a**3 + a**3 + 163*a**2 + 4*a + 6 - 171*a**2. Give l(7).
-15
Let x(g) = -9*g - 8. Let s(p) be the third derivative of p**4/24 + p**3/6 - 6*p**2. Suppose -10 = b - 3*b. Let a(j) = b*s(j) + x(j). Calculate a(-2).
5
Let g(v) = -9*v**3 - 4*v**2 + 13*v + 5. Suppose 2 + 6 = -2*p. Let j(k) = 5*k**3 + 2*k**2 - 7*k - 3. Let w(d) = p*g(d) - 7*j(d). Give w(-3).
1
Let v be -2 + 4 - (0 + -2). Suppose -13 = 4*x - 21. Suppose -5*g = x*q + 21, -2*g - v*q + 23 = -5*g. Let t(y) = -y - 5. Give t(g).
0
Suppose -4*h + 5 = 1. Let b(z) be the first derivative of -z - h - 6*z + 3*z - z**2. Calculate b(3).
-10
Let v be (-4)/(-20) + (-6)/5. Let f(z) = -4*z**3 - 3*z**2 + 3. Let c(m) = m**3 + m**2 - 1. Let n(l) = -7*c(l) - 2*f(l). Determine n(v).
-1
Let x(k) = -3*k + 1. Let a be ((-2)/16)/(23/(-184)). What is x(a)?
-2
Let o(v) = -5*v**3 - v**2 + 6*v - 4. Let f(u) = -4*u**3 - u**2 + 5*u - 4. Let q(n) = -4*f(n) + 3*o(n). Let i = -6 + 3. Determine q(i).
-8
Let a(r) = -7*r - 2. Let u(l) = 11*l + 3. Let q(n) = -8*a(n) - 5*u(n). Suppose 0 = -4*s - 8. Let m be (s/6)/(3/(-27)). What is q(m)?
4
Let w(r) be the second derivative of 2*r**3/3 - 3*r**2/2 - 3*r. Let x be (-3)/2*10/(-5). Suppose -2 = x*g - 8. Calculate w(g).
5
Let p = 0 - 2. Let q = -5 - p. Let z(a) = 3*a**3 + 8*a**2 + 10*a + 11. Let w(f) = -2*f**3 - 4*f**2 - 5*f - 6. Let k(b) = q*z(b) - 5*w(b). Calculate k(5).
-3
Let q(f) = 4 + 1 - f**3 - 5 + 2. What is q(0)?
2
Let i = 4 - -1. Let v(t) = 3*t - 1 - i*t + 3. Suppose -j = -0*j + 3. Give v(j).
8
Let a(q) be the first derivative of -5*q**2 - 12*q + 8. Let f(z) = 3*z + 4. Let v(r) = 2*a(r) + 7*f(r). What is v(0)?
4
Let q(r) = r**3 - 2*r**2 - r + 2. Let o(d) be the second derivative of d**3/6 + 9*d**2/2 + 3*d. Let b be o(-7). What is q(b)?
0
Let w(m) = 6*m**2 + 3*m**2 + 2*m**3 - 14*m**2 + 7*m**2 - 2*m. Calculate w(-2).
-4
Let l(b) = 15*b + 23. Let f(q) = -14*q - 23. Let a(t) = -4*f(t) - 3*l(t). Let m(j) = -5*j - 11. Let s(k) = 6*a(k) + 13*m(k). Calculate s(4).
-1
Let a(b) = b - 1. Let g(q) = q**3 - 15*q**2 + 15*q - 18. Let i be g(14). Give a(i).
-5
Suppose -p = 4*p. Let m(l) be the first d